
Calculate the remainder when 457 is divided by 94.
81
Calculate the remainder when 389 is divided by 15.
14
What is the remainder when 2969 is divided by 99?
98
What is the remainder when 149 is divided by 65?
19
What is the remainder when 11 is divided by 3?
2
What is the remainder when 3541 is divided by 14?
13
Calculate the remainder when 2997 is divided by 76.
33
What is the remainder when 727 is divided by 361?
5
What is the remainder when 644 is divided by 17?
15
Calculate the remainder when 10 is divided by 10.
0
What is the remainder when 32 is divided by 22?
10
Calculate the remainder when 156 is divided by 78.
0
Calculate the remainder when 133 is divided by 45.
43
Calculate the remainder when 2172 is divided by 87.
84
What is the remainder when 3705 is divided by 47?
39
Calculate the remainder when 73 is divided by 18.
1
What is the remainder when 982 is divided by 12?
10
Calculate the remainder when 87 is divided by 22.
21
What is the remainder when 205 is divided by 7?
2
Calculate the remainder when 4845 is divided by 23.
15
What is the remainder when 1279 is divided by 16?
15
What is the remainder when 377 is divided by 42?
41
Calculate the remainder when 246 is divided by 102.
42
What is the remainder when 190 is divided by 34?
20
What is the remainder when 140 is divided by 6?
2
Calculate the remainder when 95 is divided by 26.
17
What is the remainder when 2807 is divided by 76?
71
What is the remainder when 1689 is divided by 120?
9
Calculate the remainder when 56 is divided by 11.
1
Calculate the remainder when 323 is divided by 109.
105
Calculate the remainder when 210 is divided by 46.
26
Calculate the remainder when 158 is divided by 23.
20
Calculate the remainder when 894 is divided by 285.
39
Calculate the remainder when 274 is divided by 79.
37
Calculate the remainder when 2950 is divided by 40.
30
What is the remainder when 1708 is divided by 95?
93
What is the remainder when 92 is divided by 6?
2
What is the remainder when 3231 is divided by 401?
23
What is the remainder when 722 is divided by 133?
57
What is the remainder when 34 is divided by 3?
1
Calculate the remainder when 261 is divided by 49.
16
Calculate the remainder when 106 is divided by 38.
30
Calculate the remainder when 355 is divided by 17.
15
What is the remainder when 337 is divided by 18?
13
What is the remainder when 628 is divided by 45?
43
Calculate the remainder when 336 is divided by 99.
39
Calculate the remainder when 17524 is divided by 46.
44
Calculate the remainder when 3386 is divided by 30.
26
What is the remainder when 819 is divided by 256?
51
Calculate the remainder when 8445 is divided by 25.
20
Calculate the remainder when 549 is divided by 6.
3
What is the remainder when 349 is divided by 11?
8
What is the remainder when 149 is divided by 67?
15
Calculate the remainder when 426 is divided by 124.
54
What is the remainder when 415 is divided by 60?
55
Calculate the remainder when 42477 is divided by 107.
105
Calculate the remainder when 609 is divided by 48.
33
Calculate the remainder when 523 is divided by 123.
31
What is the remainder when 1096 is divided by 271?
12
What is the remainder when 702 is divided by 228?
18
Calculate the remainder when 4978 is divided by 1654.
16
What is the remainder when 192 is divided by 41?
28
What is the remainder when 636 is divided by 17?
7
What is the remainder when 1210 is divided by 38?
32
What is the remainder when 159 is divided by 21?
12
Calculate the remainder when 2859 is divided by 55.
54
What is the remainder when 929 is divided by 152?
17
Calculate the remainder when 662 is divided by 333.
329
Calculate the remainder when 390 is divided by 197.
193
What is the remainder when 483 is divided by 27?
24
Calculate the remainder when 4417 is divided by 65.
62
Calculate the remainder when 354 is divided by 60.
54
Calculate the remainder when 53 is divided by 39.
14
Calculate the remainder when 163 is divided by 41.
40
What is the remainder when 54566 is divided by 359?
357
What is the remainder when 779 is divided by 87?
83
Calculate the remainder when 39 is divided by 11.
6
What is the remainder when 27 is divided by 4?
3
What is the remainder when 87 is divided by 11?
10
Calculate the remainder when 74 is divided by 34.
6
What is the remainder when 2036 is divided by 170?
166
What is the remainder when 498 is divided by 84?
78
What is the remainder when 806 is divided by 18?
14
Calculate the remainder when 147 is divided by 23.
9
Calculate the remainder when 275 is divided by 69.
68
Calculate the remainder when 829 is divided by 280.
269
What is the remainder when 1173 is divided by 83?
11
What is the remainder when 208 is divided by 21?
19
What is the remainder when 3092 is divided by 34?
32
Calculate the remainder when 239 is divided by 35.
29
Calculate the remainder when 316 is divided by 107.
102
Calculate the remainder when 482 is divided by 118.
10
Calculate the remainder when 85 is divided by 39.
7
What is the remainder when 269 is divided by 90?
89
Calculate the remainder when 1124 is divided by 78.
32
What is the remainder when 1768 is divided by 53?
19
Calculate the remainder when 363 is divided by 212.
151
Calculate the remainder when 758 is divided by 33.
32
What is the remainder when 90691 is divided by 41?
40
What is the remainder when 106 is divided by 30?
16
Calculate the remainder when 787 is divided by 2.
1
What is the remainder when 443 is divided by 127?
62
What is the remainder when 22559 is divided by 120?
119
What is the remainder when 134 is divided by 47?
40
What is the remainder when 2830 is divided by 63?
58
What is the remainder when 718 is divided by 15?
13
What is the remainder when 2358 is divided by 583?
26
What is the remainder when 71 is divided by 19?
14
What is the remainder when 97 is divided by 27?
16
Calculate the remainder when 716 is divided by 9.
5
Calculate the remainder when 2815 is divided by 64.
63
Calculate the remainder when 32 is divided by 23.
9
What is the remainder when 723 is divided by 52?
47
What is the remainder when 205 is divided by 14?
9
What is the remainder when 5062 is divided by 2515?
32
What is the remainder when 2317 is divided by 256?
13
What is the remainder when 2373 is divided by 169?
7
What is the remainder when 64 is divided by 36?
28
Calculate the remainder when 689 is divided by 56.
17
What is the remainder when 2221 is divided by 13?
11
Calculate the remainder when 5725 is divided by 23.
21
Calculate the remainder when 97 is divided by 24.
1
What is the remainder when 294 is divided by 77?
63
Calculate the remainder when 2539 is divided by 16.
11
What is the remainder when 416 is divided by 87?
68
What is the remainder when 241 is divided by 95?
51
What is the remainder when 2954 is divided by 17?
13
What is the remainder when 844 is divided by 12?
4
What is the remainder when 497 is divided by 17?
4
What is the remainder when 289 is divided by 23?
13
What is the remainder when 28 is divided by 15?
13
Calculate the remainder when 228 is divided by 59.
51
What is the remainder when 216 is divided by 46?
32
Calculate the remainder when 452 is divided by 76.
72
Calculate the remainder when 1272 is divided by 17.
14
Calculate the remainder when 643 is divided by 14.
13
What is the remainder when 92 is divided by 38?
16
Calculate the remainder when 273 is divided by 33.
9
What is the remainder when 48 is divided by 32?
16
What is the remainder when 2320 is divided by 234?
214
Calculate the remainder when 2274 is divided by 334.
270
What is the remainder when 6228 is divided by 23?
18
Calculate the remainder when 71 is divided by 40.
31
What is the remainder when 5811 is divided by 1160?
11
What is the remainder when 1038 is divided by 105?
93
What is the remainder when 119 is divided by 24?
23
Calculate the remainder when 10 is divided by 10.
0
Calculate the remainder when 766 is divided by 766.
0
What is the remainder when 370 is divided by 28?
6
Calculate the remainder when 109 is divided by 54.
1
What is the remainder when 1157 is divided by 20?
17
What is the remainder when 146 is divided by 37?
35
What is the remainder when 281 is divided by 102?
77
Calculate the remainder when 1889 is divided by 75.
14
Calculate